st common divisor of b and 16?
16
Suppose -s = -4*g + 16, -3*g - 4*s + 5*s = -11. Suppose 2*l + g = -a, 4*a = -0*l - l + 8. Let r = l - -14. What is the highest common divisor of r and 70?
10
Suppose 15*s = 40*s - 2425. Calculate the greatest common factor of s and 97.
97
Suppose 3*d + 5*b = 27, -5*d + 3*b + b + 8 = 0. Suppose 3*z + 0*z - 4*y = 15, -d*y = -2*z + 14. Calculate the greatest common divisor of 9 and z.
1
Suppose -28*f = -9*f - 380. What is the greatest common divisor of 20 and f?
20
Suppose 0 = -3*k - 5*d + 41, 0 = 5*k - 4*d - 14 - 5. Suppose -m + 3*m - 4 = 0. Suppose m*i = 13 + 15. What is the highest common factor of k and i?
7
Let t = -2 + 0. Let o be (-2)/(-4 + t)*1398. Let j be 10/30 + o/6. What is the highest common factor of 26 and j?
26
Let i = 8 + -6. Suppose -30 = -i*o + 2. Calculate the highest common factor of 16 and o.
16
Suppose 3*i + 2*v + 3*v - 155 = 0, 5*i - 4*v = 209. Let k(b) = -17*b**3 + b**2. Let p be k(-1). What is the greatest common divisor of p and i?
9
Suppose -5*o + 162 = -2*k, -12*o - 5*k = -8*o - 156. Calculate the highest common divisor of o and 34.
34
Let n(q) = 2*q + 18. Let w(a) = a + 6. Let i(g) = -3*n(g) + 8*w(g). Let p be i(6). What is the highest common factor of p and 24?
6
Suppose -4*u - 28 = -2*i, 3*i + 1 = -u + 8. Calculate the highest common divisor of 25 and i.
1
Suppose -5*d + 201 = 831. Let v be 12/9 - 2 - d/27. Calculate the highest common divisor of v and 8.
4
Let r be (0 + (-2)/(-4))*0. Suppose -4*t = 2*v - r + 12, -3*v + 26 = -5*t. Suppose -4*j - 3*j = -21. Calculate the highest common factor of j and v.
1
Let t = -777 + 791. What is the greatest common divisor of 98 and t?
14
Let b be 39/(1/2 + -2)*-48. What is the greatest common divisor of 78 and b?
78
Suppose 64 = a - 2*q, -3*q + 0*q + 156 = 2*a. Suppose 32 = -k + 5*k. Calculate the highest common divisor of a and k.
8
Suppose -5*q = -j - 22 + 651, -2*j = q + 117. Let f = -13 - q. Calculate the highest common factor of 14 and f.
14
Suppose 0 = -3*t - 2*x + 126, 4*x - 3*x + 179 = 4*t. Calculate the highest common divisor of t and 858.
22
Let w be (-73)/(-10) + 6/(-20). What is the highest common factor of 56 and w?
7
Suppose -v + 4*v = 3*q + 48, 10 = v + 2*q. Calculate the highest common factor of v and 161.
7
Suppose -7*q = 51 - 275. Let w = -254 + 270. Calculate the greatest common divisor of w and q.
16
Suppose 0 = -3*d + 102 + 33. Suppose -d = -l - 4*l. Suppose -4*m - 1 = -l. Calculate the highest common factor of m and 1.
1
Let i = 1167 + -1102. What is the greatest common divisor of i and 26?
13
Suppose -z = 2*s - 17, 13*z - 5*s = 11*z - 11. Let p = -10 + 17. Calculate the greatest common factor of z and p.
7
Let k(a) = 19*a - 7*a + 6 + 4. Let q be k(19). What is the greatest common divisor of q and 34?
34
Suppose 3*m - 111 = 3*q, -5*m - q - 88 + 279 = 0. What is the highest common factor of 342 and m?
38
Let z(o) = 10*o**3 + 2*o**2 + 16*o - 40. Let k be z(2). What is the greatest common divisor of 3920 and k?
80
Let a = -11 - -25. Let s(l) = -11*l**3 - 5*l**3 - 2*l - 15 + a + 3*l**3. Let p be s(-1). Calculate the greatest common factor of p and 154.
14
Let h = 5 - 1. Let t be 1*1/((-2)/(-4)). Suppose -t*j + 12 = j. Calculate the highest common factor of h and j.
4
Let l(o) = -o**3 + 22*o**2 + 48*o + 44. Let b be l(24). Calculate the highest common divisor of 297 and b.
11
Suppose -2*b - 42 = -5*g, -g - g + 4*b + 20 = 0. Let t be (-3 + -9)*(-1)/3. Suppose 0 = -0*q - t*q + 32. What is the greatest common factor of q and g?
8
Let b(c) = c**3 + 7*c**2 + 7*c + 6. Let v be b(-4). Let j be (1/(-1))/((-2)/v). Suppose 0 = -r + 5 + j. What is the greatest common factor of r and 18?
18
Suppose 0 = 12*k + 95 - 851. Calculate the highest common factor of 14 and k.
7
Let w(d) = -2*d**2 + 10*d - 7. Let t be (-2)/(-11) - (-168)/44. Let u be w(t). Calculate the highest common divisor of 5 and u.
1
Suppose -3*y + 0*n = -5*n - 23, -39 = -4*y + 5*n. Calculate the highest common factor of y and 368.
16
Suppose 13*z - 119 + 80 = 0. Calculate the greatest common factor of 21 and z.
3
Let b(x) = x**2 + x - 14. Let f be b(5). What is the highest common factor of f and 784?
16
Suppose -18*r + 22 = -1004. What is the highest common factor of 266 and r?
19
Suppose -3*f + 36 = 3*l, -f - 2*l - 4 = 3*l. Suppose -4*x - 2 = 2*y, x - 2*x - 23 = -4*y. Let d = y + 3. What is the highest common divisor of f and d?
8
Let y(b) = 33*b - 343. Let g be y(15). What is the greatest common divisor of 646 and g?
38
Let z(d) = 28*d**2 + 2*d - 5. Let m be z(3). Suppose -387 - m = -4*v. Suppose 0*q + 4*q = v. What is the greatest common divisor of q and 20?
20
Let g be 202/2 - (3 + -1). Let i = 272 + -261. What is the highest common divisor of i and g?
11
Suppose 104 = 2*z + p + 5*p, 5*z + 4*p - 260 = 0. What is the greatest common factor of 8 and z?
4
Suppose d = 3*d + 364. Let v be (-6)/12 - d/4. Let p(w) = 5*w. Let o be p(3). Calculate the highest common divisor of o and v.
15
Let a(o) = -4*o + 2. Let j be a(-6). Let g = -15 + j. Calculate the greatest common divisor of g and 121.
11
Let h = -75 + 135. Suppose -842*u + 839*u + 72 = 0. Calculate the greatest common divisor of u and h.
12
Let c(x) = -66*x**2 - 3*x - 1. Let d(p) = -264*p**2 - 13*p - 5. Let m(f) = -9*c(f) + 2*d(f). Let y be m(1). What is the greatest common factor of y and 22?
22
Suppose 2*i = -2*i + 20. Let n = 40 + -34. Suppose -10 = -11*a + n*a. What is the greatest common divisor of i and a?
1
Suppose -5*l + 2*m + 0*m + 45 = 0, 3*l + 4*m - 27 = 0. Calculate the highest common factor of 8 and l.
1
Let c be (-146)/(-3) - (-5)/15. Let u be 1/(-2)*252/(-18). Calculate the greatest common factor of c and u.
7
Let q = 50 + -20. Let h = 299 - 289. Calculate the greatest common factor of h and q.
10
Let y(h) = 7*h**3 - 4*h**2 + 4*h - 4. Let x = -17 - -19. Let c be y(x). What is the highest common factor of 4 and c?
4
Let k(n) = -n**3 + 13*n**2 - 13*n + 16. Let d be k(12). Let f be -3*((-410)/15 + d). Calculate the highest common divisor of 105 and f.
35
Let z = 546 - 418. Calculate the highest common divisor of 96 and z.
32
Let p = -12 + 13. Let x be -3 + p + 45 + -1 + 2. What is the highest common divisor of x and 308?
44
Suppose -5*d = -0*d + 490. Let i = -51 - d. Let k be i + (3 + -2)/1. What is the greatest common divisor of 24 and k?
24
Let t be (-38)/(-6) - 14/(-21). Let c(g) = -g**3 + 7*g**2 + 3*g - 6. Let b be c(t). Calculate the highest common divisor of b and 3.
3
Let v(z) = -z + 90. Let y be v(-31). Calculate the highest common divisor of y and 33.
11
Let b(f) = -66*f + 38. Let d be b(-22). What is the highest common divisor of 10 and d?
10
Suppose -5*a + 520 = 2*t, 14*t - 12*t = 4*a - 416. Calculate the greatest common factor of 13 and a.
13
Suppose 12*d - 2560 = -8*d. What is the greatest common factor of d and 48?
16
Let x = 133 - 106. Let q = -21 + x. Calculate the highest common divisor of 138 and q.
6
Suppose -2*p = 4*v - 523 + 11, -v - 5*p + 146 = 0. What is the greatest common factor of v and 14?
14
Suppose -c + 4*i = -8, -3*c + 10 = -4*i - i. Suppose c = 3*t - 2*b - 456, -3*b - 12 = -7*b. Calculate the highest common factor of 14 and t.
14
Suppose -z - 4 = -45. Let s = -12 + z. Calculate the greatest common divisor of s and 203.
29
Let a be (-1 - -1) + 16 + -17. Let h be a + (-3 - (3 - 10)). Suppose h*z + 20 = 8*z. Calculate the greatest common divisor of z and 8.
4
Let w be -3*3*25/(-45). Suppose -71 = -w*f - 2*p + 3*p, f = -5*p + 35. What is the highest common factor of 6 and f?
3
Let l(k) = k**3 + k**2 - 4*k + 8. Let h be l(2). Calculate the greatest common divisor of 1884 and h.
12
Suppose 4*j - 6*t = -3*t + 7, -20 = 4*t. Let g be -2*4/(-12)*(136 - j). Calculate the highest common divisor of g and 46.
46
Let s = 69 + -65. Suppose s*v - 29 = 19. Calculate the highest common factor of 36 and v.
12
Let c(j) = -8*j - 40. Let b be c(-9). Calculate the highest common factor of b and 80.
16
Suppose -5*t - 26 = -0*v - 3*v, 32 = v + 3*t. What is the highest common factor of v and 34?
17
Suppose -4*z + 225 = 2*g - 5*g, g = -4*z + 245. Let k be (-4 - -3) + 151/1. Calculate the highest common factor of z and k.
30
Suppose -2*a + 12 = -6. Let p be ((-90)/(-25))/(2/10). Suppose 12*u = p + 18. C